 List the prime factors of z(11).
5, 11, 127
What are the prime factors of (3*(4 + -5))/(10 - 11) - -5162?
5, 1033
Let v = -312 - -312. Let r(x) = -2*x + 498. What are the prime factors of r(v)?
2, 3, 83
Let t be 2/(-4) - (-27)/6. Let r(a) = 67*a - 16. Let l be r(t). Let q = 364 - l. What are the prime factors of q?
2, 7
Let m = 17 + -3. Let u be (m/21)/1 + (-1312)/6. What are the prime factors of 15/(-5) - u - 5?
2, 3, 5, 7
Suppose 62 + 113 = 25*f. Let b(z) = -z**3 - 3*z**2 + 3*z - 3. Let i be b(-4). Let x = i + f. What are the prime factors of x?
2
Let x(n) = 18 + 159*n**3 - 79*n**3 - 12*n**2 - 79*n**3. Suppose 4*y - 16 = -2*b, 3*b - 56 = -b + 4*y. What are the prime factors of x(b)?
2, 3
Suppose 0 = -3*p + 11404 + 108929. What are the prime factors of p?
40111
Let g(v) be the second derivative of -29*v**3/3 - v**2 - 3*v. Let z be g(-2). List the prime factors of 2/((-453)/z + 4).
2, 19
Let u(m) = -34 + m**2 - 2*m**2 - 8 + 2 + 53*m. What are the prime factors of u(29)?
2, 41
Let f(k) = -45*k**3 - 18*k + 40. List the prime factors of f(-5).
5, 1151
Let b = -24 + 23. Let r be -5*(1/(-5) - b). What are the prime factors of ((-15)/(-12))/(r/(-48))?
3, 5
Let q = 16154 + -13963. What are the prime factors of q?
7, 313
List the prime factors of 6/(-4) + (-1310799)/(-294).
4457
Suppose -7*n = -442 + 1. Let s = n + -46. Let y = 140 + s. List the prime factors of y.
157
Let o(r) = 7*r**3 + 144*r**2 + 21*r - 8. What are the prime factors of o(-19)?
2, 3, 11
Suppose 12*c - 8100 = -0*c. Suppose -9*t + c = -4*t. What are the prime factors of t?
3, 5
Let n(p) = 67*p - 31*p - 28 + 98 - 22*p. List the prime factors of n(15).
2, 5, 7
Let o be ((-110)/33)/((-20)/24) + -2. Suppose 2*n + 2*n + 17 = 5*u, 5*u = 3*n + 14. Suppose 32 = 4*f - 5*l, -3*f - u + 18 = -o*l. List the prime factors of f.
3
Let b = -267 - -1225. Suppose -3*c - 130 = -b. Suppose -2*w + c = 4*j, -6*j - 70 = -7*j - w. List the prime factors of j.
2, 17
Let n = 80834 + -55431. What are the prime factors of n?
7, 19, 191
What are the prime factors of -8 + 21 + 1508 + 3?
2, 3, 127
Suppose 606*c - 240192 = 588*c. List the prime factors of c.
2, 3, 139
Let m = -1547 + 2879. Suppose 282 = -10*t + m. List the prime factors of t/((-1 - 3)/(-4)).
3, 5, 7
Let v(f) = f**2 - 3*f - 1. Let b be v(-2). Suppose -b*k = k - 30. Suppose -k*j + 82 = 1. List the prime factors of j.
3
Let x(b) = -b**2 + 25*b + 12. Let r be x(25). Let w(s) = r*s + 6*s + 42 - 4*s. What are the prime factors of w(13)?
2, 7
Suppose 4*g - 146850 = -2*h, -8*g + 12*g = 3*h + 146805. What are the prime factors of g?
2, 3, 7, 19, 23
What are the prime factors of ((-225)/(-225))/(1 + 15146/(-15147))?
3, 11, 17
Let a(r) = -r. Let h(c) = 17*c - 12. Let p(s) = 2*a(s) - h(s). Let b(g) = 57*g - 37. Let y(l) = 4*b(l) + 11*p(l). What are the prime factors of y(5)?
79
Let w(l) = 2*l**2 - 30*l + 14. Let f be w(15). Suppose -11*o + f*o = 1878. What are the prime factors of o?
2, 313
Let d(i) = -10204*i**3 - 11*i - 9. What are the prime factors of d(-1)?
2, 3, 7
Suppose 20431 = 9*n - 1250. What are the prime factors of n?
3, 11, 73
Let c(g) = -11*g**3 - 57*g**2 - 87*g - 27. List the prime factors of c(-19).
2, 13, 41, 53
Suppose -4*z - 17193 = -2*f + z, -4*z = 12. Suppose -f = 44*t - 37937. List the prime factors of t.
23, 29
Suppose 23947 = 41*a - 204833. List the prime factors of a.
2, 3, 5, 31
Suppose 10*j + 19*j - 118726 = 0. List the prime factors of j.
2, 23, 89
Let x be 5 - -1 - (19 - 7)/6. Suppose 5*d = x*u + 6016, 2*u + 3608 = 4*d - d. What are the prime factors of d?
2, 3, 5
Suppose -4*r + 3*r = -3. Suppose -w + g + 1 = r*g, -2*w + 3*g = -16. Suppose 0*f = 4*q + 2*f - 22, 0 = w*q - 3*f - 33. List the prime factors of q.
2, 3
Let v be (-16)/(-20) - (-194892)/(-15). List the prime factors of v/(-18) + 10/45.
2, 19
Let p = 6829 - 3824. What are the prime factors of p?
5, 601
Let p = -377 + 374. What are the prime factors of p/1 - 170*(1 + -5)?
677
Let g be 2 + 1/(((-2)/(-11))/(-2)). What are the prime factors of 1*148*g/(-6)?
2, 3, 37
Suppose -x = 2*m - 193, 51*m - 54*m = -2*x + 358. What are the prime factors of x/(-1)*(-4)/20?
37
Let p be 6/(-4) + 1 + 14/4. Let z be 8/(-44) - (-138)/33. Suppose -3*o - z*i + 16 = -28, p*i = -4*o + 47. What are the prime factors of o?
2
Let j = 132040 - 51215. What are the prime factors of j?
5, 53, 61
Let y(q) = 14208*q**2 - 133*q - 138. What are the prime factors of y(-1)?
7, 2029
Suppose 1 = x, 5*x + 4491 = 4*p - 0*p. Suppose -5*r + 4*j + 1935 = 0, r + 2*r + 5*j - p = 0. What are the prime factors of r?
383
What are the prime factors of (-60 - -76) + 3 + 43163?
2, 3, 2399
Let y = -74777 + 117928. List the prime factors of y.
43151
Suppose 435044 = 80*r + 39124. What are the prime factors of r?
7, 101
Suppose -2*k + 39078 = 4*r, 36*k - 48852 = -5*r + 35*k. What are the prime factors of r?
3, 3257
Suppose 673*v - 269310 = 626*v. What are the prime factors of v?
2, 3, 5, 191
Let v(l) = 4*l**2 - 6*l + 91. Let m be -1 - 22/((6/3)/1). What are the prime factors of v(m)?
739
Let m = 9713 - -3183. List the prime factors of m.
2, 13, 31
Let f = -3939 - -8083. List the prime factors of f.
2, 7, 37
What are the prime factors of (6/(-4))/(((-1445044)/10472)/(-23) + -6)?
3, 7, 11, 17
Suppose 0 = 4*x - 3*m + 8*m - 19064, 19072 = 4*x + 3*m. What are the prime factors of x?
13, 367
What are the prime factors of 2006*(210/28 + -7)?
17, 59
Suppose 0*s + 158*s - 1253960 = -72*s. What are the prime factors of s?
2, 29, 47
Let b = -50 - -248. Let y = b - 27. Suppose 3*j = -5*d + y, -2*d + 2*j + 45 = -33. List the prime factors of d.
2, 3
Let z = -203 + 82. Let r = 118 + z. List the prime factors of 212/2 + (1 + r - 1).
103
Let d be (-6 + 2 + 4)/(-1). Suppose 2*z - 2663 = -5*v - d*v, 4*z - 4*v - 5284 = 0. What are the prime factors of z?
2, 331
Suppose -5 + 17 = 2*x, 3*x + 15705 = 3*s. List the prime factors of s.
3, 1747
Suppose -5*z = -4*n - 35, -5*z = -7*z + n + 11. Let x be z/6 - (-5)/(10/(-7)). What are the prime factors of 2 + -15*12/27*x?
2, 11
Let y be 0 - 1*-2 - (-40)/10. Suppose -4*n = r + 2, 0 = -2*r + y*r - n + 8. List the prime factors of 746/4 + r/4.
2, 3, 31
Let p(q) = -15*q + 1009. List the prime factors of p(-95).
2, 1217
Let g(p) be the third derivative of -p**4/12 - 16*p**3/3 + 21*p**2. Let m be g(-14). List the prime factors of m/(20/(-485)) - -3.
2, 5
Let p(d) = d - 6. Let f be p(9). Let s be (-3 - 1)/(5 - f - 3). Suppose 2*i + i - 29 = t, 0 = -t + s. What are the prime factors of i?
11
Suppose 4*p - 39 + 306 = h, 3*h + 15 = 0. Let d be (-2)/(-17) + 8/p. Suppose d = -3*c + 231 + 72. List the prime factors of c.
101
Suppose 4*v + 107300 = 2*f, -2*f + v + 69544 + 37732 = 0. What are the prime factors of f?
2, 3, 7, 1277
Let d(g) = g + 37. Suppose -n + 0*b + 3 = b, b = 4*n - 32. List the prime factors of d(n).
2, 11
Suppose 14*i - 7*i = 28. Let v = -87 - i. Let n = -3 - v. What are the prime factors of n?
2, 11
Let t(v) = -v**2 + 113 + 0*v**2 - 21*v + 2*v**2 - 3*v**2 + 6*v**3 + 12. List the prime factors of t(5).
2, 3, 5
Let m(h) = -h**3 + 14*h**2 + 7*h - 14. Suppose -4*w + 3 - 7 = 0, -4*w = -3*b + 46. Let t be m(b). Suppose -11*o = -7*o - t. List the prime factors of o.
3, 7
Let k(l) = 3459*l + 776. What are the prime factors of k(3)?
19, 587
Let x = 10335 + 3970. List the prime factors of x.
5, 2861
Let a = 13342 + 7105. List the prime factors of a.
7, 23, 127
Let b be 1 - -2 - (-3 - -1)*1. Suppose 0 - b = -v. Suppose q + q = v*a + 250, 2*q - 4*a = 250. List the prime factors of q.
5
Let x = 11 - -42. Suppose 46*a + 105 = x*a. What are the prime factors of 3385/a - (-12)/9?
227
Suppose 0 = -7*y + 66 + 620. Let c = 166 - y. What are the prime factors of c?
2, 17
Let b = 18 + -14. Suppose b*y + 8 = 0, 0 = -3*x + 2*x + 4*y - 177. Let c = x + 269. List the prime factors of c.
2, 3, 7
Let q = 17944 - -35240. What are the prime factors of q?
2, 3, 277
Let p(q) be the second derivative of q**4/4 + 4*q**3/3 + 39*q**2/2 - q - 20. What are the prime factors of p(-9)?
2, 3, 5, 7
Let s(b) = -b**3 - 7*b**2 + 9*b + 9. Let t be s(-8). Let k be 7*(t + 5)*91/14. Let d = k + -107. List the prime factors of d.
2, 83
Let r(j) be the second derivative of -3*j**5/20 - j**4/2 + 2*j**3/3 - 4*j**2 + 71*j. List the prime factors of 